 12.
12
What is the highest common factor of 64 and 488?
8
Calculate the greatest common divisor of 650 and 182.
26
What is the greatest common divisor of 22 and 18513?
11
What is the greatest common divisor of 352 and 44?
44
Calculate the greatest common divisor of 70 and 84.
14
What is the greatest common divisor of 192 and 64?
64
What is the highest common divisor of 2082 and 6?
6
Calculate the greatest common divisor of 13 and 1391.
13
Calculate the greatest common divisor of 214 and 2033.
107
Calculate the greatest common factor of 17559 and 9.
9
What is the greatest common factor of 18 and 306?
18
Calculate the highest common factor of 143 and 11.
11
Calculate the highest common divisor of 324 and 48.
12
Calculate the greatest common divisor of 8 and 12.
4
What is the greatest common divisor of 44 and 484?
44
Calculate the greatest common divisor of 9 and 10161.
9
Calculate the highest common divisor of 2499 and 51.
51
What is the greatest common divisor of 903 and 5289?
129
Calculate the greatest common divisor of 50 and 250.
50
What is the greatest common factor of 66 and 18?
6
What is the highest common factor of 322 and 42?
14
What is the greatest common divisor of 12 and 16?
4
What is the greatest common factor of 170 and 102?
34
Calculate the highest common divisor of 33 and 627.
33
Calculate the highest common factor of 4599 and 252.
63
What is the highest common factor of 26 and 4342?
26
What is the highest common factor of 168 and 48?
24
What is the greatest common divisor of 11090 and 10?
10
Calculate the highest common divisor of 672 and 72.
24
Calculate the greatest common factor of 73296 and 6.
6
What is the highest common divisor of 9310 and 1225?
245
What is the greatest common divisor of 8 and 16?
8
What is the greatest common factor of 24 and 468?
12
Calculate the greatest common factor of 405 and 15.
15
Calculate the greatest common factor of 92 and 8.
4
Calculate the greatest common factor of 10674 and 27.
9
Calculate the highest common factor of 180 and 1692.
36
What is the highest common divisor of 2672 and 112?
16
Calculate the highest common factor of 200 and 9720.
40
What is the greatest common factor of 110 and 66?
22
Calculate the greatest common factor of 9 and 74.
1
Calculate the highest common divisor of 3 and 75.
3
What is the highest common divisor of 10 and 85?
5
Calculate the highest common factor of 2 and 122.
2
Calculate the highest common divisor of 24 and 2532.
12
Calculate the highest common divisor of 518 and 6142.
74
Calculate the highest common divisor of 2140 and 140.
20
Calculate the greatest common divisor of 7532 and 14.
14
What is the greatest common divisor of 1927 and 188?
47
What is the highest common factor of 2068 and 132?
44
What is the highest common divisor of 9784 and 16?
8
What is the highest common factor of 1518 and 7314?
138
What is the greatest common factor of 52 and 16?
4
What is the greatest common divisor of 4336 and 16?
16
What is the greatest common divisor of 16452 and 72?
36
Calculate the greatest common factor of 180 and 2736.
36
Calculate the greatest common factor of 64 and 1568.
32
What is the highest common factor of 21 and 273?
21
Calculate the greatest common divisor of 155 and 4805.
155
What is the greatest common divisor of 3094 and 289?
17
What is the highest common factor of 364 and 7?
7
What is the greatest common factor of 99 and 1133?
11
What is the highest common divisor of 75 and 60?
15
Calculate the greatest common divisor of 489 and 24.
3
What is the greatest common divisor of 8 and 3?
1
Calculate the highest common divisor of 447 and 3.
3
What is the greatest common factor of 184 and 8?
8
Calculate the greatest common factor of 39 and 52.
13
What is the highest common factor of 6 and 6?
6
Calculate the greatest common factor of 17 and 357.
17
Calculate the highest common factor of 40 and 2360.
40
What is the highest common divisor of 1134 and 126?
126
What is the greatest common factor of 33 and 3201?
33
Calculate the highest common factor of 21 and 203.
7
What is the greatest common factor of 1564 and 68?
68
What is the highest common factor of 190 and 399?
19
What is the highest common factor of 72 and 153?
9
What is the highest common factor of 260 and 1755?
65
Calculate the highest common divisor of 1 and 81.
1
Calculate the greatest common divisor of 140 and 7070.
70
What is the highest common divisor of 716 and 17542?
358
Calculate the highest common divisor of 60 and 180.
60
What is the highest common divisor of 232 and 377?
29
Calculate the greatest common factor of 4292 and 174.
58
What is the highest common factor of 235 and 47?
47
Calculate the highest common factor of 5767 and 158.
79
Calculate the highest common divisor of 247 and 13.
13
What is the highest common divisor of 79 and 1817?
79
What is the highest common divisor of 4617 and 114?
57
What is the greatest common factor of 41 and 1107?
41
What is the highest common divisor of 1595 and 55?
55
What is the greatest common factor of 44550 and 198?
198
What is the highest common divisor of 17 and 119?
17
Calculate the highest common divisor of 436 and 4142.
218
What is the greatest common factor of 4331 and 183?
61
What is the highest common factor of 95 and 494?
19
Calculate the greatest common factor of 190 and 4085.
95
What is the highest common factor of 5562 and 824?
206
What is the greatest common divisor of 12 and 972?
12
Calculate the greatest common divisor of 6 and 41178.
6
What is the greatest common divisor of 11 and 11?
11
What is the greatest common divisor of 28 and 3388?
28
What is the highest common factor of 1508 and 104?
52
Calculate the greatest common divisor of 22493 and 83.
83
Calculate the highest common factor of 154 and 126.
14
What is the highest common divisor of 3844 and 62?
62
What is the highest common divisor of 456 and 6?
6
What is the highest common divisor of 152 and 24?
8
What is the highest common divisor of 10 and 3660?
10
What is the highest common divisor of 64 and 32?
32
What is the greatest common divisor of 1947 and 66?
33
Calculate the greatest common divisor of 1675 and 469.
67
Calculate the highest common divisor of 87 and 1247.
29
Calculate the highest common divisor of 39859 and 23.
23
What is the highest common factor of 1022 and 56?
14
Calculate the greatest common factor of 81 and 837.
27
Calculate the highest common factor of 1612 and 124.
124
Calculate the greatest common divisor of 2738 and 518.
74
Calculate the highest common divisor of 437 and 19.
19
Calculate the highest common divisor of 5593 and 119.
119
What is the highest common factor of 644 and 1058?
46
What is the highest common factor of 18 and 7272?
18
What is the highest common divisor of 114 and 4294?
38
Calculate the greatest common divisor of 181 and 3.
1
What is the highest common divisor of 423 and 799?
47
What is the greatest common divisor of 1428 and 84?
84
What is the highest common divisor of 36 and 4?
4
Calculate the greatest common factor of 58 and 1856.
58
What is the highest common divisor of 11 and 55?
11
Calculate the highest common factor of 20 and 92.
4
What is the greatest common divisor of 60 and 6900?
60
What is the greatest common factor of 11 and 11?
11
What is the highest common factor of 14 and 5803?
7
What is the highest common factor of 234 and 104?
26
Calculate the highest common factor of 67 and 18894.
67
What is the greatest common factor of 2784 and 352?
32
What is the greatest common factor of 530 and 80?
10
What is the highest common factor of 20 and 800?
20
Calculate the greatest common factor of 92 and 100.
4
Calculate the highest common divisor of 6 and 7.
1
What is the highest common factor of 18214 and 28?
14
Calculate the greatest common factor of 27 and 21897.
27
What is the greatest common factor of 504 and 392?
56
What is the highest common divisor of 20 and 2480?
20
What is the highest common factor of 60 and 7760?
20
What is the greatest common divisor of 90 and 90?
90
What is the greatest common divisor of 120 and 2180?
20
Calculate the greatest common divisor of 13 and 1976.
13
Calculate the highest common factor of 392 and 49.
49
Calculate the highest common divisor of 342 and 3534.
114
What is the highest common divis